{"id":1134,"date":"2024-09-15T22:06:11","date_gmt":"2024-09-15T19:06:11","guid":{"rendered":"https:\/\/platformgumrukleme.com.tr\/?page_id=1134"},"modified":"2024-09-15T22:11:58","modified_gmt":"2024-09-15T19:11:58","slug":"insan-kaynaklari-politikamiz","status":"publish","type":"page","link":"https:\/\/platformgumrukleme.com.tr\/index.php\/insan-kaynaklari-politikamiz\/","title":{"rendered":"\u0130nsan Kaynaklar\u0131 Politikam\u0131z"},"content":{"rendered":"<style>.elementor-1134 .elementor-element.elementor-element-35c4e2b9{--display:flex;--flex-direction:row;--container-widget-width:initial;--container-widget-height:100%;--container-widget-flex-grow:1;--container-widget-align-self:stretch;--flex-wrap-mobile:wrap;--gap:0px 0px;--row-gap:0px;--column-gap:0px;--overlay-opacity:0.8;--margin-top:0px;--margin-bottom:0px;--margin-left:0px;--margin-right:0px;--padding-top:120px;--padding-bottom:120px;--padding-left:0px;--padding-right:0px;}.elementor-1134 .elementor-element.elementor-element-35c4e2b9:not(.elementor-motion-effects-element-type-background), .elementor-1134 .elementor-element.elementor-element-35c4e2b9 > .elementor-motion-effects-container > .elementor-motion-effects-layer{background-image:url(\"https:\/\/platformgumrukleme.com.tr\/wp-content\/uploads\/2024\/09\/Rectangle-4834-1.jpg\");background-position:center center;background-repeat:no-repeat;background-size:cover;}.elementor-1134 .elementor-element.elementor-element-35c4e2b9::before, .elementor-1134 .elementor-element.elementor-element-35c4e2b9 > .elementor-background-video-container::before, .elementor-1134 .elementor-element.elementor-element-35c4e2b9 > .e-con-inner > .elementor-background-video-container::before, .elementor-1134 .elementor-element.elementor-element-35c4e2b9 > .elementor-background-slideshow::before, .elementor-1134 .elementor-element.elementor-element-35c4e2b9 > .e-con-inner > .elementor-background-slideshow::before, .elementor-1134 .elementor-element.elementor-element-35c4e2b9 > .elementor-motion-effects-container > .elementor-motion-effects-layer::before{--background-overlay:'';background-color:transparent;background-image:linear-gradient(90deg, var( --e-global-color-3737bc3 ) 30%, #00000003 100%);}.elementor-1134 .elementor-element.elementor-element-5d90f9f7{--display:flex;--flex-direction:column;--container-widget-width:100%;--container-widget-height:initial;--container-widget-flex-grow:0;--container-widget-align-self:initial;--flex-wrap-mobile:wrap;--gap:0px 0px;--row-gap:0px;--column-gap:0px;--margin-top:0px;--margin-bottom:0px;--margin-left:0px;--margin-right:0px;--padding-top:0px;--padding-bottom:0px;--padding-left:0px;--padding-right:0px;}.elementor-1134 .elementor-element.elementor-element-4408bd1f{text-align:start;}.elementor-1134 .elementor-element.elementor-element-4408bd1f .elementor-heading-title{font-family:\"Bebas Neue\", Sans-serif;font-size:65px;font-weight:700;text-transform:capitalize;line-height:71px;letter-spacing:0px;color:var( --e-global-color-6f8b727 );}.elementor-1134 .elementor-element.elementor-element-4408bd1f > .elementor-widget-container{margin:0px 0px 0px 0px;padding:0px 0px 0px 0px;}.elementor-1134 .elementor-element.elementor-element-ce318d8{--display:flex;--flex-direction:column;--container-widget-width:100%;--container-widget-height:initial;--container-widget-flex-grow:0;--container-widget-align-self:initial;--flex-wrap-mobile:wrap;}.elementor-1134 .elementor-element.elementor-element-225fda2{--spacer-size:50px;}.elementor-1134 .elementor-element.elementor-element-01a4473{--display:flex;--flex-direction:column;--container-widget-width:100%;--container-widget-height:initial;--container-widget-flex-grow:0;--container-widget-align-self:initial;--flex-wrap-mobile:wrap;}.elementor-1134 .elementor-element.elementor-element-1afce9b{text-align:justify;}.elementor-1134 .elementor-element.elementor-element-c1c34eb{--display:flex;--flex-direction:column;--container-widget-width:100%;--container-widget-height:initial;--container-widget-flex-grow:0;--container-widget-align-self:initial;--flex-wrap-mobile:wrap;}.elementor-1134 .elementor-element.elementor-element-202218a img{width:100%;}.elementor-1134 .elementor-element.elementor-element-f2f6545{--display:flex;--flex-direction:column;--container-widget-width:100%;--container-widget-height:initial;--container-widget-flex-grow:0;--container-widget-align-self:initial;--flex-wrap-mobile:wrap;}.elementor-1134 .elementor-element.elementor-element-251e9c5{--spacer-size:50px;}:root{--page-title-display:none;}@media(max-width:1024px){.elementor-1134 .elementor-element.elementor-element-35c4e2b9{--margin-top:0px;--margin-bottom:0px;--margin-left:0px;--margin-right:0px;--padding-top:100px;--padding-bottom:100px;--padding-left:20px;--padding-right:20px;}.elementor-1134 .elementor-element.elementor-element-4408bd1f .elementor-heading-title{font-size:50px;line-height:56px;}}@media(max-width:767px){.elementor-1134 .elementor-element.elementor-element-35c4e2b9{--padding-top:100px;--padding-bottom:100px;--padding-left:20px;--padding-right:20px;}.elementor-1134 .elementor-element.elementor-element-4408bd1f{text-align:center;}.elementor-1134 .elementor-element.elementor-element-4408bd1f .elementor-heading-title{font-size:38px;line-height:44px;}}<\/style>\t\t<div data-elementor-type=\"wp-page\" data-elementor-id=\"1134\" class=\"elementor elementor-1134\">\n\t\t\t\t<div class=\"elementor-element elementor-element-35c4e2b9 e-con-full e-flex e-con e-parent\" data-id=\"35c4e2b9\" data-element_type=\"container\" data-e-type=\"container\" data-settings=\"{&quot;background_background&quot;:&quot;classic&quot;}\">\n\t\t<div class=\"elementor-element elementor-element-5d90f9f7 e-flex e-con-boxed e-con e-child\" data-id=\"5d90f9f7\" data-element_type=\"container\" data-e-type=\"container\">\n\t\t\t\t\t<div class=\"e-con-inner\">\n\t\t\t\t<div class=\"elementor-element elementor-element-4408bd1f elementor-widget elementor-widget-heading\" data-id=\"4408bd1f\" data-element_type=\"widget\" data-e-type=\"widget\" data-widget_type=\"heading.default\">\n\t\t\t\t<div class=\"elementor-widget-container\">\n\t\t\t\t\t<h2 class=\"elementor-heading-title elementor-size-default\">\u0130NSAN KAYNAKLARI POL\u0130T\u0130KAMIZ<\/h2>\t\t\t\t<\/div>\n\t\t\t\t<\/div>\n\t\t\t\t\t<\/div>\n\t\t\t\t<\/div>\n\t\t\t\t<\/div>\n\t\t<div class=\"elementor-element elementor-element-ce318d8 e-flex e-con-boxed e-con e-parent\" data-id=\"ce318d8\" data-element_type=\"container\" data-e-type=\"container\">\n\t\t\t\t\t<div class=\"e-con-inner\">\n\t\t\t\t<div class=\"elementor-element elementor-element-225fda2 elementor-widget elementor-widget-spacer\" data-id=\"225fda2\" data-element_type=\"widget\" data-e-type=\"widget\" data-widget_type=\"spacer.default\">\n\t\t\t\t<div class=\"elementor-widget-container\">\n\t\t\t\t\t\t\t<div class=\"elementor-spacer\">\n\t\t\t<div class=\"elementor-spacer-inner\"><\/div>\n\t\t<\/div>\n\t\t\t\t\t\t<\/div>\n\t\t\t\t<\/div>\n\t\t\t\t\t<\/div>\n\t\t\t\t<\/div>\n\t\t<div class=\"elementor-element elementor-element-01a4473 e-flex e-con-boxed e-con e-parent\" data-id=\"01a4473\" data-element_type=\"container\" data-e-type=\"container\">\n\t\t\t\t\t<div class=\"e-con-inner\">\n\t\t\t\t<div class=\"elementor-element elementor-element-1afce9b elementor-widget elementor-widget-text-editor\" data-id=\"1afce9b\" data-element_type=\"widget\" data-e-type=\"widget\" data-widget_type=\"text-editor.default\">\n\t\t\t\t<div class=\"elementor-widget-container\">\n\t\t\t\t\t\t\t\t\t<p>Bir platformun insan kaynaklar\u0131 politikas\u0131nda g\u00fcmr\u00fck i\u015flemlerine odaklanmak, \u00e7al\u0131\u015fanlar\u0131n s\u0131n\u0131r \u00f6tesi ticaret, ihracat ve ithalat s\u00fcre\u00e7lerini etkili bir \u015fekilde y\u00f6netmelerini sa\u011flamaya y\u00f6nelik stratejiler i\u00e7erir. Bu politikan\u0131n ana hatlar\u0131 \u015fu \u015fekilde olabilir:<\/p><p><strong>G\u00fcmr\u00fck \u0130\u015flemleri \u0130nsan Kaynaklar\u0131 Politikas\u0131:<\/strong><\/p><p><strong>1.\u2060 \u2060G\u00fcmr\u00fck Uyum E\u011fitimi:<\/strong><br \/>\u00c7al\u0131\u015fanlar\u0131n g\u00fcmr\u00fck kurallar\u0131na ve yasal d\u00fczenlemelere hakim olmas\u0131 i\u00e7in kapsaml\u0131 e\u011fitim programlar\u0131 d\u00fczenlenir. Bu e\u011fitimler, ulusal ve uluslararas\u0131 g\u00fcmr\u00fck mevzuat\u0131n\u0131 kapsar.<\/p><p><strong>2.\u2060 \u2060Lisansl\u0131 G\u00fcmr\u00fck M\u00fc\u015favirli\u011fi Deste\u011fi:<\/strong><br \/>\u015eirket b\u00fcnyesinde \u00e7al\u0131\u015fanlar\u0131n ya da d\u0131\u015far\u0131dan dan\u0131\u015fmanl\u0131k al\u0131nan g\u00fcmr\u00fck m\u00fc\u015favirlerinin, i\u015flemlerin sorunsuz ve h\u0131zl\u0131 bir \u015fekilde yap\u0131lmas\u0131n\u0131 sa\u011flamak i\u00e7in profesyonel hizmet vermesi te\u015fvik edilir.<\/p><p><strong>3.\u2060 \u2060Etik Kurallar ve Yasal Uyum:<\/strong><br \/>\u00c7al\u0131\u015fanlar\u0131n, g\u00fcmr\u00fck i\u015flemleri s\u0131ras\u0131nda etik kurallara ba\u011fl\u0131 kalmalar\u0131 ve her t\u00fcrl\u00fc yasal d\u00fczenlemeye uygun hareket etmeleri beklenir. Herhangi bir ihlal durumunda disiplin \u00f6nlemleri al\u0131n\u0131r.<\/p><p><strong>4.\u2060 \u2060\u00c7al\u0131\u015fan Rol ve Sorumluluklar\u0131:<\/strong><br \/>G\u00fcmr\u00fck s\u00fcre\u00e7lerinde g\u00f6rev alan \u00e7al\u0131\u015fanlar\u0131n sorumluluklar\u0131 a\u00e7\u0131k bir \u015fekilde tan\u0131mlan\u0131r ve her \u00e7al\u0131\u015fan\u0131n kendi yetki alan\u0131nda hareket etmesi sa\u011flan\u0131r.<\/p><p><strong>5.\u2060 \u2060Veri Gizlili\u011fi ve G\u00fcvenli\u011fi:<\/strong><br \/>G\u00fcmr\u00fck i\u015flemlerinde kullan\u0131lan t\u00fcm belgelerin gizlili\u011fi korunur. \u00c7al\u0131\u015fanlar, m\u00fc\u015fteri ve \u015firket bilgilerinin g\u00fcvenli\u011fini sa\u011flama konusunda dikkatli olmal\u0131d\u0131r.<\/p><p><strong>6.\u2060 \u2060\u00c7al\u0131\u015fan Refah\u0131 ve Stres Y\u00f6netimi:<\/strong><br \/>G\u00fcmr\u00fck i\u015flemleri s\u0131kl\u0131kla yo\u011fun stres i\u00e7erebilece\u011fi i\u00e7in \u00e7al\u0131\u015fanlar\u0131n refah\u0131 \u00f6n planda tutulur. Gerekli durumlarda destek ve dan\u0131\u015fmanl\u0131k hizmetleri sa\u011flan\u0131r.<\/p><p>Bu insan kaynaklar\u0131 politikas\u0131, \u00e7al\u0131\u015fanlar\u0131n g\u00fcmr\u00fck i\u015flemlerinde ba\u015far\u0131l\u0131 ve etik bir \u015fekilde hareket etmesine olanak tan\u0131r.<\/p>\t\t\t\t\t\t\t\t<\/div>\n\t\t\t\t<\/div>\n\t\t\t\t\t<\/div>\n\t\t\t\t<\/div>\n\t\t<div class=\"elementor-element elementor-element-c1c34eb e-flex e-con-boxed e-con e-parent\" data-id=\"c1c34eb\" data-element_type=\"container\" data-e-type=\"container\">\n\t\t\t\t\t<div class=\"e-con-inner\">\n\t\t\t\t<div class=\"elementor-element elementor-element-202218a elementor-widget elementor-widget-image\" data-id=\"202218a\" data-element_type=\"widget\" data-e-type=\"widget\" data-widget_type=\"image.default\">\n\t\t\t\t<div class=\"elementor-widget-container\">\n\t\t\t\t\t\t\t\t\t\t\t\t\t\t\t<img fetchpriority=\"high\" decoding=\"async\" width=\"1080\" height=\"1080\" src=\"https:\/\/platformgumrukleme.com.tr\/wp-content\/uploads\/2024\/09\/man-woman-walk-down-hallway-with-man-suit-woman-skirt.jpg\" class=\"attachment-full size-full wp-image-1141\" alt=\"\" srcset=\"https:\/\/platformgumrukleme.com.tr\/wp-content\/uploads\/2024\/09\/man-woman-walk-down-hallway-with-man-suit-woman-skirt.jpg 1080w, https:\/\/platformgumrukleme.com.tr\/wp-content\/uploads\/2024\/09\/man-woman-walk-down-hallway-with-man-suit-woman-skirt-300x300.jpg 300w, https:\/\/platformgumrukleme.com.tr\/wp-content\/uploads\/2024\/09\/man-woman-walk-down-hallway-with-man-suit-woman-skirt-1024x1024.jpg 1024w, https:\/\/platformgumrukleme.com.tr\/wp-content\/uploads\/2024\/09\/man-woman-walk-down-hallway-with-man-suit-woman-skirt-150x150.jpg 150w, https:\/\/platformgumrukleme.com.tr\/wp-content\/uploads\/2024\/09\/man-woman-walk-down-hallway-with-man-suit-woman-skirt-768x768.jpg 768w\" sizes=\"(max-width: 1080px) 100vw, 1080px\" \/>\t\t\t\t\t\t\t\t\t\t\t\t\t\t\t<\/div>\n\t\t\t\t<\/div>\n\t\t\t\t\t<\/div>\n\t\t\t\t<\/div>\n\t\t<div class=\"elementor-element elementor-element-f2f6545 e-flex e-con-boxed e-con e-parent\" data-id=\"f2f6545\" data-element_type=\"container\" data-e-type=\"container\">\n\t\t\t\t\t<div class=\"e-con-inner\">\n\t\t\t\t<div class=\"elementor-element elementor-element-251e9c5 elementor-widget elementor-widget-spacer\" data-id=\"251e9c5\" data-element_type=\"widget\" data-e-type=\"widget\" data-widget_type=\"spacer.default\">\n\t\t\t\t<div class=\"elementor-widget-container\">\n\t\t\t\t\t\t\t<div class=\"elementor-spacer\">\n\t\t\t<div class=\"elementor-spacer-inner\"><\/div>\n\t\t<\/div>\n\t\t\t\t\t\t<\/div>\n\t\t\t\t<\/div>\n\t\t\t\t\t<\/div>\n\t\t\t\t<\/div>\n\t\t\t\t<\/div>\n\t\t","protected":false},"excerpt":{"rendered":"<p>\u0130NSAN KAYNAKLARI POL\u0130T\u0130KAMIZ Bir platformun insan kaynaklar\u0131 politikas\u0131nda g\u00fcmr\u00fck i\u015flemlerine odaklanmak, \u00e7al\u0131\u015fanlar\u0131n s\u0131n\u0131r \u00f6tesi ticaret, ihracat ve ithalat s\u00fcre\u00e7lerini etkili bir \u015fekilde y\u00f6netmelerini sa\u011flamaya y\u00f6nelik stratejiler i\u00e7erir. Bu politikan\u0131n ana hatlar\u0131 \u015fu \u015fekilde olabilir: G\u00fcmr\u00fck \u0130\u015flemleri \u0130nsan Kaynaklar\u0131 Politikas\u0131: 1.\u2060 \u2060G\u00fcmr\u00fck Uyum E\u011fitimi:\u00c7al\u0131\u015fanlar\u0131n g\u00fcmr\u00fck kurallar\u0131na ve yasal d\u00fczenlemelere hakim olmas\u0131 i\u00e7in kapsaml\u0131 e\u011fitim programlar\u0131 d\u00fczenlenir. [&hellip;]<\/p>\n","protected":false},"author":1,"featured_media":0,"parent":0,"menu_order":0,"comment_status":"closed","ping_status":"closed","template":"elementor_header_footer","meta":{"footnotes":""},"class_list":["post-1134","page","type-page","status-publish","hentry"],"_links":{"self":[{"href":"https:\/\/platformgumrukleme.com.tr\/index.php\/wp-json\/wp\/v2\/pages\/1134","targetHints":{"allow":["GET"]}}],"collection":[{"href":"https:\/\/platformgumrukleme.com.tr\/index.php\/wp-json\/wp\/v2\/pages"}],"about":[{"href":"https:\/\/platformgumrukleme.com.tr\/index.php\/wp-json\/wp\/v2\/types\/page"}],"author":[{"embeddable":true,"href":"https:\/\/platformgumrukleme.com.tr\/index.php\/wp-json\/wp\/v2\/users\/1"}],"replies":[{"embeddable":true,"href":"https:\/\/platformgumrukleme.com.tr\/index.php\/wp-json\/wp\/v2\/comments?post=1134"}],"version-history":[{"count":7,"href":"https:\/\/platformgumrukleme.com.tr\/index.php\/wp-json\/wp\/v2\/pages\/1134\/revisions"}],"predecessor-version":[{"id":1152,"href":"https:\/\/platformgumrukleme.com.tr\/index.php\/wp-json\/wp\/v2\/pages\/1134\/revisions\/1152"}],"wp:attachment":[{"href":"https:\/\/platformgumrukleme.com.tr\/index.php\/wp-json\/wp\/v2\/media?parent=1134"}],"curies":[{"name":"wp","href":"https:\/\/api.w.org\/{rel}","templated":true}]}}