{"id":1091,"date":"2024-09-15T10:04:07","date_gmt":"2024-09-15T07:04:07","guid":{"rendered":"https:\/\/platformgumrukleme.com.tr\/?page_id=1091"},"modified":"2024-09-15T23:35:38","modified_gmt":"2024-09-15T20:35:38","slug":"yurtici-nakliye-organizasyonu","status":"publish","type":"page","link":"https:\/\/platformgumrukleme.com.tr\/index.php\/yurtici-nakliye-organizasyonu\/","title":{"rendered":"Yurti\u00e7i Nakliye Organizasyonu"},"content":{"rendered":"<style>.elementor-1091 .elementor-element.elementor-element-35c4e2b9{--display:flex;--flex-direction:row;--container-widget-width:initial;--container-widget-height:100%;--container-widget-flex-grow:1;--container-widget-align-self:stretch;--flex-wrap-mobile:wrap;--gap:0px 0px;--row-gap:0px;--column-gap:0px;--overlay-opacity:0.8;--margin-top:0px;--margin-bottom:0px;--margin-left:0px;--margin-right:0px;--padding-top:120px;--padding-bottom:120px;--padding-left:0px;--padding-right:0px;}.elementor-1091 .elementor-element.elementor-element-35c4e2b9:not(.elementor-motion-effects-element-type-background), .elementor-1091 .elementor-element.elementor-element-35c4e2b9 > .elementor-motion-effects-container > .elementor-motion-effects-layer{background-image:url(\"https:\/\/platformgumrukleme.com.tr\/wp-content\/uploads\/2024\/09\/headers-new.png\");background-position:center center;background-repeat:no-repeat;background-size:cover;}.elementor-1091 .elementor-element.elementor-element-35c4e2b9::before, .elementor-1091 .elementor-element.elementor-element-35c4e2b9 > .elementor-background-video-container::before, .elementor-1091 .elementor-element.elementor-element-35c4e2b9 > .e-con-inner > .elementor-background-video-container::before, .elementor-1091 .elementor-element.elementor-element-35c4e2b9 > .elementor-background-slideshow::before, .elementor-1091 .elementor-element.elementor-element-35c4e2b9 > .e-con-inner > .elementor-background-slideshow::before, .elementor-1091 .elementor-element.elementor-element-35c4e2b9 > .elementor-motion-effects-container > .elementor-motion-effects-layer::before{--background-overlay:'';background-color:transparent;background-image:linear-gradient(90deg, var( --e-global-color-3737bc3 ) 30%, #00000003 100%);}.elementor-1091 .elementor-element.elementor-element-5d90f9f7{--display:flex;--flex-direction:column;--container-widget-width:100%;--container-widget-height:initial;--container-widget-flex-grow:0;--container-widget-align-self:initial;--flex-wrap-mobile:wrap;--gap:0px 0px;--row-gap:0px;--column-gap:0px;--margin-top:0px;--margin-bottom:0px;--margin-left:0px;--margin-right:0px;--padding-top:0px;--padding-bottom:0px;--padding-left:0px;--padding-right:0px;}.elementor-1091 .elementor-element.elementor-element-4408bd1f{text-align:start;}.elementor-1091 .elementor-element.elementor-element-4408bd1f .elementor-heading-title{font-family:\"Bebas Neue\", Sans-serif;font-size:65px;font-weight:700;text-transform:capitalize;line-height:71px;letter-spacing:0px;color:var( --e-global-color-6f8b727 );}.elementor-1091 .elementor-element.elementor-element-4408bd1f > .elementor-widget-container{margin:0px 0px 0px 0px;padding:0px 0px 0px 0px;}.elementor-1091 .elementor-element.elementor-element-ce318d8{--display:flex;--flex-direction:column;--container-widget-width:100%;--container-widget-height:initial;--container-widget-flex-grow:0;--container-widget-align-self:initial;--flex-wrap-mobile:wrap;}.elementor-1091 .elementor-element.elementor-element-225fda2{--spacer-size:50px;}.elementor-1091 .elementor-element.elementor-element-01a4473{--display:flex;--flex-direction:column;--container-widget-width:100%;--container-widget-height:initial;--container-widget-flex-grow:0;--container-widget-align-self:initial;--flex-wrap-mobile:wrap;}.elementor-1091 .elementor-element.elementor-element-1afce9b{text-align:justify;}.elementor-1091 .elementor-element.elementor-element-c1c34eb{--display:flex;--flex-direction:column;--container-widget-width:100%;--container-widget-height:initial;--container-widget-flex-grow:0;--container-widget-align-self:initial;--flex-wrap-mobile:wrap;}.elementor-1091 .elementor-element.elementor-element-202218a img{width:100%;}.elementor-1091 .elementor-element.elementor-element-f2f6545{--display:flex;--flex-direction:column;--container-widget-width:100%;--container-widget-height:initial;--container-widget-flex-grow:0;--container-widget-align-self:initial;--flex-wrap-mobile:wrap;}.elementor-1091 .elementor-element.elementor-element-251e9c5{--spacer-size:50px;}:root{--page-title-display:none;}@media(max-width:1024px){.elementor-1091 .elementor-element.elementor-element-35c4e2b9{--margin-top:0px;--margin-bottom:0px;--margin-left:0px;--margin-right:0px;--padding-top:100px;--padding-bottom:100px;--padding-left:20px;--padding-right:20px;}.elementor-1091 .elementor-element.elementor-element-4408bd1f .elementor-heading-title{font-size:50px;line-height:56px;}}@media(max-width:767px){.elementor-1091 .elementor-element.elementor-element-35c4e2b9{--padding-top:100px;--padding-bottom:100px;--padding-left:20px;--padding-right:20px;}.elementor-1091 .elementor-element.elementor-element-4408bd1f{text-align:center;}.elementor-1091 .elementor-element.elementor-element-4408bd1f .elementor-heading-title{font-size:38px;line-height:44px;}}<\/style>\t\t<div data-elementor-type=\"wp-page\" data-elementor-id=\"1091\" class=\"elementor elementor-1091\">\n\t\t\t\t<div class=\"elementor-element elementor-element-35c4e2b9 e-con-full e-flex e-con e-parent\" data-id=\"35c4e2b9\" data-element_type=\"container\" data-e-type=\"container\" data-settings=\"{&quot;background_background&quot;:&quot;classic&quot;}\">\n\t\t<div class=\"elementor-element elementor-element-5d90f9f7 e-flex e-con-boxed e-con e-child\" data-id=\"5d90f9f7\" data-element_type=\"container\" data-e-type=\"container\">\n\t\t\t\t\t<div class=\"e-con-inner\">\n\t\t\t\t<div class=\"elementor-element elementor-element-4408bd1f elementor-widget elementor-widget-heading\" data-id=\"4408bd1f\" data-element_type=\"widget\" data-e-type=\"widget\" data-widget_type=\"heading.default\">\n\t\t\t\t<div class=\"elementor-widget-container\">\n\t\t\t\t\t<h2 class=\"elementor-heading-title elementor-size-default\">YURT\u0130\u00c7\u0130 NAKL\u0130YE ORGANIZASYONU<\/h2>\t\t\t\t<\/div>\n\t\t\t\t<\/div>\n\t\t\t\t\t<\/div>\n\t\t\t\t<\/div>\n\t\t\t\t<\/div>\n\t\t<div class=\"elementor-element elementor-element-ce318d8 e-flex e-con-boxed e-con e-parent\" data-id=\"ce318d8\" data-element_type=\"container\" data-e-type=\"container\">\n\t\t\t\t\t<div class=\"e-con-inner\">\n\t\t\t\t<div class=\"elementor-element elementor-element-225fda2 elementor-widget elementor-widget-spacer\" data-id=\"225fda2\" data-element_type=\"widget\" data-e-type=\"widget\" data-widget_type=\"spacer.default\">\n\t\t\t\t<div class=\"elementor-widget-container\">\n\t\t\t\t\t\t\t<div class=\"elementor-spacer\">\n\t\t\t<div class=\"elementor-spacer-inner\"><\/div>\n\t\t<\/div>\n\t\t\t\t\t\t<\/div>\n\t\t\t\t<\/div>\n\t\t\t\t\t<\/div>\n\t\t\t\t<\/div>\n\t\t<div class=\"elementor-element elementor-element-01a4473 e-flex e-con-boxed e-con e-parent\" data-id=\"01a4473\" data-element_type=\"container\" data-e-type=\"container\">\n\t\t\t\t\t<div class=\"e-con-inner\">\n\t\t\t\t<div class=\"elementor-element elementor-element-1afce9b elementor-widget elementor-widget-text-editor\" data-id=\"1afce9b\" data-element_type=\"widget\" data-e-type=\"widget\" data-widget_type=\"text-editor.default\">\n\t\t\t\t<div class=\"elementor-widget-container\">\n\t\t\t\t\t\t\t\t\t<p>Lojistik yurti\u00e7i nakliye organizasyonu, mal veya hizmetlerin \u00fclke s\u0131n\u0131rlar\u0131 i\u00e7inde bir noktadan di\u011ferine ta\u015f\u0131nmas\u0131n\u0131 ve da\u011f\u0131t\u0131lmas\u0131n\u0131 i\u00e7erir. Bu t\u00fcr bir organizasyonun verimli \u00e7al\u0131\u015fmas\u0131, zamanlama, maliyet, g\u00fcvenlik ve m\u00fc\u015fteri memnuniyeti a\u00e7\u0131s\u0131ndan kritik \u00f6nem ta\u015f\u0131r. \u0130\u015fte temel a\u015famalar\u0131:<\/p><p><strong>\u2060Talep ve Planlama:<\/strong> G\u00f6nderici firmalar\u0131n talepleri do\u011frultusunda, hangi \u00fcr\u00fcnlerin ne zaman ve nereye teslim edilece\u011fi belirlenir. Planlama a\u015famas\u0131nda rotalar, nakliye ara\u00e7lar\u0131 ve da\u011f\u0131t\u0131m s\u00fcreleri optimize edilir.<\/p><p><strong>Ara\u00e7 ve Nakliye Y\u00f6netimi:<\/strong> \u00dcr\u00fcnlerin t\u00fcr\u00fcne g\u00f6re uygun ta\u015f\u0131ma ara\u00e7lar\u0131 (kamyon, t\u0131r, hafif ticari ara\u00e7 vb.) se\u00e7ilir. Ara\u00e7 filolar\u0131n\u0131n durumu, kapasite kullan\u0131m\u0131 ve bak\u0131m takvimi d\u00fczenli olarak takip edilir.<\/p><p><strong>Depolama ve Y\u00fckleme:<\/strong> Mallar\u0131n ta\u015f\u0131nmadan \u00f6nce uygun depolama alanlar\u0131nda bekletilmesi ve nakliye ara\u00e7lar\u0131na do\u011fru ve g\u00fcvenli bir \u015fekilde y\u00fcklenmesi sa\u011flan\u0131r.<\/p><p><strong>\u2060Yol ve Rota Planlamas\u0131:<\/strong> En verimli ve h\u0131zl\u0131 rotalar belirlenir. Rota se\u00e7imi s\u0131ras\u0131nda trafik durumu, yol ko\u015fullar\u0131, hava durumu gibi fakt\u00f6rler g\u00f6z \u00f6n\u00fcnde bulundurulur.<\/p><p><strong>Nakliye Takibi:<\/strong> Ta\u015f\u0131ma s\u00fcrecinde GPS gibi teknolojilerle ara\u00e7lar\u0131n ve \u00fcr\u00fcnlerin anl\u0131k takibi yap\u0131l\u0131r. B\u00f6ylece gecikmeler, yol durumu ya da ara\u00e7 sorunlar\u0131 gibi durumlar erkenden fark edilir.<\/p><p><strong>G\u00fcvenlik ve Sigorta:<\/strong> Nakliye s\u0131ras\u0131nda olas\u0131 hasar veya kay\u0131plara kar\u015f\u0131 g\u00fcvenlik \u00f6nlemleri al\u0131n\u0131r. Sigorta s\u00fcre\u00e7leri de organizasyonun bir par\u00e7as\u0131d\u0131r.<\/p><p><strong>Teslimat ve Geri Bildirim:<\/strong> \u00dcr\u00fcnler zaman\u0131nda ve g\u00fcvenli bir \u015fekilde al\u0131c\u0131ya ula\u015ft\u0131r\u0131l\u0131r. Teslimat sonras\u0131 m\u00fc\u015fteri geri bildirimleri al\u0131narak s\u00fcre\u00e7 iyile\u015ftirilir.<\/p><p>Yurti\u00e7i nakliye organizasyonu, tedarik zincirinin kritik bir halkas\u0131 olup, m\u00fc\u015fteri memnuniyeti ve operasyonel verimlilik a\u00e7\u0131s\u0131ndan b\u00fcy\u00fck bir rol oynar.<\/p>\t\t\t\t\t\t\t\t<\/div>\n\t\t\t\t<\/div>\n\t\t\t\t\t<\/div>\n\t\t\t\t<\/div>\n\t\t<div class=\"elementor-element elementor-element-c1c34eb e-flex e-con-boxed e-con e-parent\" data-id=\"c1c34eb\" data-element_type=\"container\" data-e-type=\"container\">\n\t\t\t\t\t<div class=\"e-con-inner\">\n\t\t\t\t<div class=\"elementor-element elementor-element-202218a elementor-widget elementor-widget-image\" data-id=\"202218a\" data-element_type=\"widget\" data-e-type=\"widget\" data-widget_type=\"image.default\">\n\t\t\t\t<div class=\"elementor-widget-container\">\n\t\t\t\t\t\t\t\t\t\t\t\t\t\t\t<img fetchpriority=\"high\" decoding=\"async\" width=\"1700\" height=\"1133\" src=\"https:\/\/platformgumrukleme.com.tr\/wp-content\/uploads\/2024\/09\/antrepo.jpg\" class=\"attachment-full size-full wp-image-1085\" alt=\"\" srcset=\"https:\/\/platformgumrukleme.com.tr\/wp-content\/uploads\/2024\/09\/antrepo.jpg 1700w, https:\/\/platformgumrukleme.com.tr\/wp-content\/uploads\/2024\/09\/antrepo-300x200.jpg 300w, https:\/\/platformgumrukleme.com.tr\/wp-content\/uploads\/2024\/09\/antrepo-1024x682.jpg 1024w, https:\/\/platformgumrukleme.com.tr\/wp-content\/uploads\/2024\/09\/antrepo-768x512.jpg 768w, https:\/\/platformgumrukleme.com.tr\/wp-content\/uploads\/2024\/09\/antrepo-1536x1024.jpg 1536w\" sizes=\"(max-width: 1700px) 100vw, 1700px\" \/>\t\t\t\t\t\t\t\t\t\t\t\t\t\t\t<\/div>\n\t\t\t\t<\/div>\n\t\t\t\t\t<\/div>\n\t\t\t\t<\/div>\n\t\t<div class=\"elementor-element elementor-element-f2f6545 e-flex e-con-boxed e-con e-parent\" data-id=\"f2f6545\" data-element_type=\"container\" data-e-type=\"container\">\n\t\t\t\t\t<div class=\"e-con-inner\">\n\t\t\t\t<div class=\"elementor-element elementor-element-251e9c5 elementor-widget elementor-widget-spacer\" data-id=\"251e9c5\" data-element_type=\"widget\" data-e-type=\"widget\" data-widget_type=\"spacer.default\">\n\t\t\t\t<div class=\"elementor-widget-container\">\n\t\t\t\t\t\t\t<div class=\"elementor-spacer\">\n\t\t\t<div class=\"elementor-spacer-inner\"><\/div>\n\t\t<\/div>\n\t\t\t\t\t\t<\/div>\n\t\t\t\t<\/div>\n\t\t\t\t\t<\/div>\n\t\t\t\t<\/div>\n\t\t\t\t<\/div>\n\t\t","protected":false},"excerpt":{"rendered":"<p>YURT\u0130\u00c7\u0130 NAKL\u0130YE ORGANIZASYONU Lojistik yurti\u00e7i nakliye organizasyonu, mal veya hizmetlerin \u00fclke s\u0131n\u0131rlar\u0131 i\u00e7inde bir noktadan di\u011ferine ta\u015f\u0131nmas\u0131n\u0131 ve da\u011f\u0131t\u0131lmas\u0131n\u0131 i\u00e7erir. Bu t\u00fcr bir organizasyonun verimli \u00e7al\u0131\u015fmas\u0131, zamanlama, maliyet, g\u00fcvenlik ve m\u00fc\u015fteri memnuniyeti a\u00e7\u0131s\u0131ndan kritik \u00f6nem ta\u015f\u0131r. \u0130\u015fte temel a\u015famalar\u0131: \u2060Talep ve Planlama: G\u00f6nderici firmalar\u0131n talepleri do\u011frultusunda, hangi \u00fcr\u00fcnlerin ne zaman ve nereye teslim edilece\u011fi belirlenir. [&hellip;]<\/p>\n","protected":false},"author":1,"featured_media":0,"parent":0,"menu_order":0,"comment_status":"closed","ping_status":"closed","template":"elementor_header_footer","meta":{"footnotes":""},"class_list":["post-1091","page","type-page","status-publish","hentry"],"_links":{"self":[{"href":"https:\/\/platformgumrukleme.com.tr\/index.php\/wp-json\/wp\/v2\/pages\/1091","targetHints":{"allow":["GET"]}}],"collection":[{"href":"https:\/\/platformgumrukleme.com.tr\/index.php\/wp-json\/wp\/v2\/pages"}],"about":[{"href":"https:\/\/platformgumrukleme.com.tr\/index.php\/wp-json\/wp\/v2\/types\/page"}],"author":[{"embeddable":true,"href":"https:\/\/platformgumrukleme.com.tr\/index.php\/wp-json\/wp\/v2\/users\/1"}],"replies":[{"embeddable":true,"href":"https:\/\/platformgumrukleme.com.tr\/index.php\/wp-json\/wp\/v2\/comments?post=1091"}],"version-history":[{"count":7,"href":"https:\/\/platformgumrukleme.com.tr\/index.php\/wp-json\/wp\/v2\/pages\/1091\/revisions"}],"predecessor-version":[{"id":1237,"href":"https:\/\/platformgumrukleme.com.tr\/index.php\/wp-json\/wp\/v2\/pages\/1091\/revisions\/1237"}],"wp:attachment":[{"href":"https:\/\/platformgumrukleme.com.tr\/index.php\/wp-json\/wp\/v2\/media?parent=1091"}],"curies":[{"name":"wp","href":"https:\/\/api.w.org\/{rel}","templated":true}]}}