{"id":1016,"date":"2024-09-15T01:03:28","date_gmt":"2024-09-14T22:03:28","guid":{"rendered":"https:\/\/platformgumrukleme.com.tr\/?page_id=1016"},"modified":"2024-09-19T17:36:46","modified_gmt":"2024-09-19T14:36:46","slug":"dis-ticaret-danismanlik","status":"publish","type":"page","link":"https:\/\/platformgumrukleme.com.tr\/index.php\/dis-ticaret-danismanlik\/","title":{"rendered":"D\u0131\u015f Ticaret Dan\u0131\u015fmanl\u0131k"},"content":{"rendered":"<style>.elementor-1016 .elementor-element.elementor-element-35c4e2b9{--display:flex;--flex-direction:row;--container-widget-width:initial;--container-widget-height:100%;--container-widget-flex-grow:1;--container-widget-align-self:stretch;--flex-wrap-mobile:wrap;--gap:0px 0px;--row-gap:0px;--column-gap:0px;--overlay-opacity:0.8;--margin-top:0px;--margin-bottom:0px;--margin-left:0px;--margin-right:0px;--padding-top:120px;--padding-bottom:120px;--padding-left:0px;--padding-right:0px;}.elementor-1016 .elementor-element.elementor-element-35c4e2b9:not(.elementor-motion-effects-element-type-background), .elementor-1016 .elementor-element.elementor-element-35c4e2b9 > .elementor-motion-effects-container > .elementor-motion-effects-layer{background-image:url(\"https:\/\/platformgumrukleme.com.tr\/wp-content\/uploads\/2024\/09\/headers-new.png\");background-position:center center;background-repeat:no-repeat;background-size:cover;}.elementor-1016 .elementor-element.elementor-element-35c4e2b9::before, .elementor-1016 .elementor-element.elementor-element-35c4e2b9 > .elementor-background-video-container::before, .elementor-1016 .elementor-element.elementor-element-35c4e2b9 > .e-con-inner > .elementor-background-video-container::before, .elementor-1016 .elementor-element.elementor-element-35c4e2b9 > .elementor-background-slideshow::before, .elementor-1016 .elementor-element.elementor-element-35c4e2b9 > .e-con-inner > .elementor-background-slideshow::before, .elementor-1016 .elementor-element.elementor-element-35c4e2b9 > .elementor-motion-effects-container > .elementor-motion-effects-layer::before{--background-overlay:'';background-color:transparent;background-image:linear-gradient(90deg, var( --e-global-color-3737bc3 ) 30%, #00000003 100%);}.elementor-1016 .elementor-element.elementor-element-5d90f9f7{--display:flex;--flex-direction:column;--container-widget-width:100%;--container-widget-height:initial;--container-widget-flex-grow:0;--container-widget-align-self:initial;--flex-wrap-mobile:wrap;--gap:0px 0px;--row-gap:0px;--column-gap:0px;--margin-top:0px;--margin-bottom:0px;--margin-left:0px;--margin-right:0px;--padding-top:0px;--padding-bottom:0px;--padding-left:0px;--padding-right:0px;}.elementor-1016 .elementor-element.elementor-element-4408bd1f{text-align:start;}.elementor-1016 .elementor-element.elementor-element-4408bd1f .elementor-heading-title{font-family:\"Bebas Neue\", Sans-serif;font-size:65px;font-weight:700;text-transform:capitalize;line-height:71px;letter-spacing:0px;color:var( --e-global-color-6f8b727 );}.elementor-1016 .elementor-element.elementor-element-4408bd1f > .elementor-widget-container{margin:0px 0px 0px 0px;padding:0px 0px 0px 0px;}.elementor-1016 .elementor-element.elementor-element-ce318d8{--display:flex;--flex-direction:column;--container-widget-width:100%;--container-widget-height:initial;--container-widget-flex-grow:0;--container-widget-align-self:initial;--flex-wrap-mobile:wrap;}.elementor-1016 .elementor-element.elementor-element-225fda2{--spacer-size:50px;}.elementor-1016 .elementor-element.elementor-element-e239db0{--display:flex;--flex-direction:column;--container-widget-width:100%;--container-widget-height:initial;--container-widget-flex-grow:0;--container-widget-align-self:initial;--flex-wrap-mobile:wrap;}.elementor-1016 .elementor-element.elementor-element-7bf7498{text-align:justify;}.elementor-1016 .elementor-element.elementor-element-fbe47d8{--display:flex;--flex-direction:row;--container-widget-width:initial;--container-widget-height:100%;--container-widget-flex-grow:1;--container-widget-align-self:stretch;--flex-wrap-mobile:wrap;--gap:0px 0px;--row-gap:0px;--column-gap:0px;}.elementor-1016 .elementor-element.elementor-element-871ae91{--display:flex;--flex-direction:column;--container-widget-width:100%;--container-widget-height:initial;--container-widget-flex-grow:0;--container-widget-align-self:initial;--flex-wrap-mobile:wrap;}.elementor-1016 .elementor-element.elementor-element-52d28db7{column-gap:0px;text-align:start;}.elementor-1016 .elementor-element.elementor-element-52d28db7 > .elementor-widget-container{margin:0px 0px 0px 0px;padding:0px 0px 0px 0px;}.elementor-1016 .elementor-element.elementor-element-e1b4a73{--display:flex;--flex-direction:column;--container-widget-width:100%;--container-widget-height:initial;--container-widget-flex-grow:0;--container-widget-align-self:initial;--flex-wrap-mobile:wrap;}.elementor-1016 .elementor-element.elementor-element-f2f6545{--display:flex;--flex-direction:column;--container-widget-width:100%;--container-widget-height:initial;--container-widget-flex-grow:0;--container-widget-align-self:initial;--flex-wrap-mobile:wrap;}.elementor-1016 .elementor-element.elementor-element-251e9c5{--spacer-size:50px;}:root{--page-title-display:none;}@media(min-width:768px){.elementor-1016 .elementor-element.elementor-element-871ae91{--width:50%;}.elementor-1016 .elementor-element.elementor-element-e1b4a73{--width:50%;}}@media(max-width:1024px){.elementor-1016 .elementor-element.elementor-element-35c4e2b9{--margin-top:0px;--margin-bottom:0px;--margin-left:0px;--margin-right:0px;--padding-top:100px;--padding-bottom:100px;--padding-left:20px;--padding-right:20px;}.elementor-1016 .elementor-element.elementor-element-4408bd1f .elementor-heading-title{font-size:50px;line-height:56px;}.elementor-1016 .elementor-element.elementor-element-52d28db7 > .elementor-widget-container{margin:0px 0px 0px 0px;padding:10px 150px 0px 150px;}}@media(max-width:767px){.elementor-1016 .elementor-element.elementor-element-35c4e2b9{--padding-top:100px;--padding-bottom:100px;--padding-left:20px;--padding-right:20px;}.elementor-1016 .elementor-element.elementor-element-4408bd1f{text-align:center;}.elementor-1016 .elementor-element.elementor-element-4408bd1f .elementor-heading-title{font-size:38px;line-height:44px;}.elementor-1016 .elementor-element.elementor-element-52d28db7 > .elementor-widget-container{margin:0px 0px -15px 0px;padding:10px 0px 0px 0px;}}<\/style>\t\t<div data-elementor-type=\"wp-page\" data-elementor-id=\"1016\" class=\"elementor elementor-1016\">\n\t\t\t\t<div class=\"elementor-element elementor-element-35c4e2b9 e-con-full e-flex e-con e-parent\" data-id=\"35c4e2b9\" data-element_type=\"container\" data-e-type=\"container\" data-settings=\"{&quot;background_background&quot;:&quot;classic&quot;}\">\n\t\t<div class=\"elementor-element elementor-element-5d90f9f7 e-flex e-con-boxed e-con e-child\" data-id=\"5d90f9f7\" data-element_type=\"container\" data-e-type=\"container\">\n\t\t\t\t\t<div class=\"e-con-inner\">\n\t\t\t\t<div class=\"elementor-element elementor-element-4408bd1f elementor-widget elementor-widget-heading\" data-id=\"4408bd1f\" data-element_type=\"widget\" data-e-type=\"widget\" data-widget_type=\"heading.default\">\n\t\t\t\t<div class=\"elementor-widget-container\">\n\t\t\t\t\t<h2 class=\"elementor-heading-title elementor-size-default\">DI\u015e T\u0130CARET DANI\u015eMANLI\u011eI<\/h2>\t\t\t\t<\/div>\n\t\t\t\t<\/div>\n\t\t\t\t\t<\/div>\n\t\t\t\t<\/div>\n\t\t\t\t<\/div>\n\t\t<div class=\"elementor-element elementor-element-ce318d8 e-flex e-con-boxed e-con e-parent\" data-id=\"ce318d8\" data-element_type=\"container\" data-e-type=\"container\">\n\t\t\t\t\t<div class=\"e-con-inner\">\n\t\t\t\t<div class=\"elementor-element elementor-element-225fda2 elementor-widget elementor-widget-spacer\" data-id=\"225fda2\" data-element_type=\"widget\" data-e-type=\"widget\" data-widget_type=\"spacer.default\">\n\t\t\t\t<div class=\"elementor-widget-container\">\n\t\t\t\t\t\t\t<div class=\"elementor-spacer\">\n\t\t\t<div class=\"elementor-spacer-inner\"><\/div>\n\t\t<\/div>\n\t\t\t\t\t\t<\/div>\n\t\t\t\t<\/div>\n\t\t\t\t\t<\/div>\n\t\t\t\t<\/div>\n\t\t<div class=\"elementor-element elementor-element-e239db0 e-flex e-con-boxed e-con e-parent\" data-id=\"e239db0\" data-element_type=\"container\" data-e-type=\"container\">\n\t\t\t\t\t<div class=\"e-con-inner\">\n\t\t\t\t<div class=\"elementor-element elementor-element-7bf7498 elementor-widget elementor-widget-text-editor\" data-id=\"7bf7498\" data-element_type=\"widget\" data-e-type=\"widget\" data-widget_type=\"text-editor.default\">\n\t\t\t\t<div class=\"elementor-widget-container\">\n\t\t\t\t\t\t\t\t\t<p>G\u00fcmr\u00fck ve d\u0131\u015f ticaret dan\u0131\u015fmanl\u0131k hizmetleri, i\u015fletmelerin uluslararas\u0131 ticaret faaliyetlerini daha verimli, yasalara uygun ve maliyet etkin bir \u015fekilde y\u00fcr\u00fctmelerini sa\u011flamak amac\u0131yla sunulan profesyonel hizmetlerdir. Bu hizmetler, \u00f6zellikle ithalat ve ihracat i\u015flemlerinin karma\u015f\u0131k yap\u0131s\u0131n\u0131 ve \u00e7e\u015fitli yasal d\u00fczenlemeleri anlamada zorluk ya\u015fayan firmalar i\u00e7in b\u00fcy\u00fck \u00f6nem ta\u015f\u0131r. G\u00fcmr\u00fck ve d\u0131\u015f ticaret dan\u0131\u015fmanl\u0131k hizmetleri, ticaretle u\u011fra\u015fan i\u015fletmelerin uluslararas\u0131 pazarlarda daha rekabet\u00e7i olmalar\u0131n\u0131 ve kar\u015f\u0131la\u015fabilecekleri yasal ve mali riskleri en aza indirmelerini sa\u011flar. Bu hizmetler, uzmanl\u0131k gerektiren karma\u015f\u0131k s\u00fcre\u00e7lerin do\u011fru ve etkili bir \u015fekilde y\u00f6netilmesine yard\u0131mc\u0131 olur.<\/p>\t\t\t\t\t\t\t\t<\/div>\n\t\t\t\t<\/div>\n\t\t\t\t\t<\/div>\n\t\t\t\t<\/div>\n\t\t<div class=\"elementor-element elementor-element-fbe47d8 e-flex e-con-boxed e-con e-parent\" data-id=\"fbe47d8\" data-element_type=\"container\" data-e-type=\"container\">\n\t\t\t\t\t<div class=\"e-con-inner\">\n\t\t<div class=\"elementor-element elementor-element-871ae91 e-con-full e-flex e-con e-child\" data-id=\"871ae91\" data-element_type=\"container\" data-e-type=\"container\">\n\t\t\t\t<div class=\"elementor-element elementor-element-52d28db7 elementor-widget elementor-widget-text-editor\" data-id=\"52d28db7\" data-element_type=\"widget\" data-e-type=\"widget\" data-widget_type=\"text-editor.default\">\n\t\t\t\t<div class=\"elementor-widget-container\">\n\t\t\t\t\t\t\t\t\t<h4><strong>G\u00fcmr\u00fck ve D\u0131\u015f Ticaret Dan\u0131\u015fmanl\u0131k Hizmetleri Kapsam\u0131nda Sunulan Ba\u015fl\u0131ca Hizmetler:<\/strong><\/h4><p><strong>1. G\u00fcmr\u00fck Mevzuatlar\u0131na Uyum Dan\u0131\u015fmanl\u0131\u011f\u0131:<\/strong><br \/>&#8211; \u0130\u015fletmelere g\u00fcmr\u00fck mevzuatlar\u0131, y\u00f6netmelikler ve uluslararas\u0131 ticaret kurallar\u0131 konusunda bilgi verilir.<br \/>&#8211; G\u00fcmr\u00fck i\u015flemlerinde ve belgelerinde yap\u0131lan hatalar\u0131n tespit edilmesi ve d\u00fczeltilmesi sa\u011flan\u0131r.<br \/>&#8211; G\u00fcmr\u00fck vergilerinin do\u011fru hesaplanmas\u0131 ve \u00f6denmesi konusunda rehberlik edilir.<\/p><p><strong>2. Tarife ve Men\u015fe Tespiti:<\/strong><br \/>&#8211; \u0130thalat veya ihracat edilecek \u00fcr\u00fcnlerin do\u011fru g\u00fcmr\u00fck tarifesi ve men\u015fe kurallar\u0131 do\u011frultusunda s\u0131n\u0131fland\u0131r\u0131lmas\u0131 yap\u0131l\u0131r.<br \/>&#8211; \u00dcr\u00fcnlerin men\u015fe \u00fclkesine g\u00f6re uygulanan serbest ticaret anla\u015fmalar\u0131ndan yararlan\u0131lmas\u0131 sa\u011flan\u0131r.<\/p><p><strong>3. \u0130thalat ve \u0130hracat S\u00fcre\u00e7lerinin Y\u00f6netimi:<\/strong><br \/>&#8211; \u0130thalat ve ihracat s\u00fcre\u00e7lerinin her a\u015famas\u0131nda destek sunulur: y\u00fckleme, nakliye, g\u00fcmr\u00fck i\u015flemleri, depolama ve da\u011f\u0131t\u0131m.<br \/>&#8211; \u0130hracat i\u00e7in gerekli sertifikalar ve izinler konusunda rehberlik yap\u0131l\u0131r.<\/p><p><strong>4. G\u00fcmr\u00fck Beyannamesi Haz\u0131rlama:<\/strong><br \/>&#8211; G\u00fcmr\u00fck beyannamelerinin do\u011fru ve eksiksiz haz\u0131rlanmas\u0131na yard\u0131mc\u0131 olunur.<br \/>&#8211; Beyan edilen bilgilerle fiili durumun uyu\u015fmas\u0131n\u0131 sa\u011flamak i\u00e7in gerekli kontroller yap\u0131l\u0131r.<\/p><p><strong>5. Risk Y\u00f6netimi ve G\u00fcmr\u00fck Denetimleri:<\/strong><br \/>&#8211; G\u00fcmr\u00fck i\u015flemlerinde kar\u015f\u0131la\u015f\u0131labilecek risklerin \u00f6nceden belirlenmesi ve bu risklerin minimize edilmesi i\u00e7in stratejiler geli\u015ftirilir.<br \/>&#8211; G\u00fcmr\u00fck denetimlerinde firmalar\u0131n temsil edilmesi ve denetim s\u00fcre\u00e7lerinin sorunsuz bir \u015fekilde tamamlanmas\u0131 sa\u011flan\u0131r.<\/p><p><strong>6. E\u011fitim ve Bilgilendirme:<\/strong><br \/>&#8211; Firmalara, \u00e7al\u0131\u015fanlar\u0131n\u0131n uluslararas\u0131 ticaret ve g\u00fcmr\u00fck mevzuatlar\u0131na ili\u015fkin bilgi seviyelerini art\u0131rmak amac\u0131yla e\u011fitimler d\u00fczenlenir.<br \/>&#8211; S\u00fcrekli de\u011fi\u015fen g\u00fcmr\u00fck ve d\u0131\u015f ticaret mevzuatlar\u0131 hakk\u0131nda g\u00fcncel bilgiler sa\u011flan\u0131r.<\/p><p><strong>7. Vergi Muafiyetleri ve Te\u015fvikler:<\/strong><br \/>&#8211; Firmalar\u0131n ithalat ve ihracatta yararlanabilece\u011fi vergi muafiyetleri ve devlet te\u015fvikleri hakk\u0131nda dan\u0131\u015fmanl\u0131k yap\u0131l\u0131r.<br \/>&#8211; Te\u015fvik ve muafiyetlerin etkin bir \u015fekilde kullan\u0131lmas\u0131 i\u00e7in gerekli i\u015flemler y\u00fcr\u00fct\u00fcl\u00fcr.<\/p><p><strong>8. Lojistik ve Nakliye Dan\u0131\u015fmanl\u0131\u011f\u0131:<\/strong><br \/>&#8211; \u0130thalat ve ihracat i\u015flemlerinin lojistik boyutunda en uygun ta\u015f\u0131ma y\u00f6ntemleri ve g\u00fczergahlar belirlenir.<br \/>&#8211; Nakliye maliyetlerinin d\u00fc\u015f\u00fcr\u00fclmesi ve s\u00fcrecin h\u0131zland\u0131r\u0131lmas\u0131 i\u00e7in \u00e7\u00f6z\u00fcmler sunulur.<\/p>\t\t\t\t\t\t\t\t<\/div>\n\t\t\t\t<\/div>\n\t\t\t\t<\/div>\n\t\t<div class=\"elementor-element elementor-element-e1b4a73 e-con-full e-flex e-con e-child\" data-id=\"e1b4a73\" data-element_type=\"container\" data-e-type=\"container\">\n\t\t\t\t<div class=\"elementor-element elementor-element-9127bab elementor-widget elementor-widget-image\" data-id=\"9127bab\" data-element_type=\"widget\" data-e-type=\"widget\" data-widget_type=\"image.default\">\n\t\t\t\t<div class=\"elementor-widget-container\">\n\t\t\t\t\t\t\t\t\t\t\t\t\t\t\t<img fetchpriority=\"high\" decoding=\"async\" width=\"768\" height=\"1772\" src=\"https:\/\/platformgumrukleme.com.tr\/wp-content\/uploads\/2024\/09\/western-chinese-business-hong-kong-768x1772.jpg\" class=\"attachment-medium_large size-medium_large wp-image-1018\" alt=\"\" srcset=\"https:\/\/platformgumrukleme.com.tr\/wp-content\/uploads\/2024\/09\/western-chinese-business-hong-kong-768x1772.jpg 768w, https:\/\/platformgumrukleme.com.tr\/wp-content\/uploads\/2024\/09\/western-chinese-business-hong-kong-130x300.jpg 130w, https:\/\/platformgumrukleme.com.tr\/wp-content\/uploads\/2024\/09\/western-chinese-business-hong-kong-444x1024.jpg 444w, https:\/\/platformgumrukleme.com.tr\/wp-content\/uploads\/2024\/09\/western-chinese-business-hong-kong-666x1536.jpg 666w, https:\/\/platformgumrukleme.com.tr\/wp-content\/uploads\/2024\/09\/western-chinese-business-hong-kong-888x2048.jpg 888w, https:\/\/platformgumrukleme.com.tr\/wp-content\/uploads\/2024\/09\/western-chinese-business-hong-kong.jpg 1080w\" sizes=\"(max-width: 768px) 100vw, 768px\" \/>\t\t\t\t\t\t\t\t\t\t\t\t\t\t\t<\/div>\n\t\t\t\t<\/div>\n\t\t\t\t<\/div>\n\t\t\t\t\t<\/div>\n\t\t\t\t<\/div>\n\t\t<div class=\"elementor-element elementor-element-f2f6545 e-flex e-con-boxed e-con e-parent\" data-id=\"f2f6545\" data-element_type=\"container\" data-e-type=\"container\">\n\t\t\t\t\t<div class=\"e-con-inner\">\n\t\t\t\t<div class=\"elementor-element elementor-element-251e9c5 elementor-widget elementor-widget-spacer\" data-id=\"251e9c5\" data-element_type=\"widget\" data-e-type=\"widget\" data-widget_type=\"spacer.default\">\n\t\t\t\t<div class=\"elementor-widget-container\">\n\t\t\t\t\t\t\t<div class=\"elementor-spacer\">\n\t\t\t<div class=\"elementor-spacer-inner\"><\/div>\n\t\t<\/div>\n\t\t\t\t\t\t<\/div>\n\t\t\t\t<\/div>\n\t\t\t\t\t<\/div>\n\t\t\t\t<\/div>\n\t\t\t\t<\/div>\n\t\t","protected":false},"excerpt":{"rendered":"<p>DI\u015e T\u0130CARET DANI\u015eMANLI\u011eI G\u00fcmr\u00fck ve d\u0131\u015f ticaret dan\u0131\u015fmanl\u0131k hizmetleri, i\u015fletmelerin uluslararas\u0131 ticaret faaliyetlerini daha verimli, yasalara uygun ve maliyet etkin bir \u015fekilde y\u00fcr\u00fctmelerini sa\u011flamak amac\u0131yla sunulan profesyonel hizmetlerdir. Bu hizmetler, \u00f6zellikle ithalat ve ihracat i\u015flemlerinin karma\u015f\u0131k yap\u0131s\u0131n\u0131 ve \u00e7e\u015fitli yasal d\u00fczenlemeleri anlamada zorluk ya\u015fayan firmalar i\u00e7in b\u00fcy\u00fck \u00f6nem ta\u015f\u0131r. G\u00fcmr\u00fck ve d\u0131\u015f ticaret dan\u0131\u015fmanl\u0131k hizmetleri, [&hellip;]<\/p>\n","protected":false},"author":1,"featured_media":0,"parent":0,"menu_order":0,"comment_status":"closed","ping_status":"closed","template":"elementor_header_footer","meta":{"footnotes":""},"class_list":["post-1016","page","type-page","status-publish","hentry"],"_links":{"self":[{"href":"https:\/\/platformgumrukleme.com.tr\/index.php\/wp-json\/wp\/v2\/pages\/1016","targetHints":{"allow":["GET"]}}],"collection":[{"href":"https:\/\/platformgumrukleme.com.tr\/index.php\/wp-json\/wp\/v2\/pages"}],"about":[{"href":"https:\/\/platformgumrukleme.com.tr\/index.php\/wp-json\/wp\/v2\/types\/page"}],"author":[{"embeddable":true,"href":"https:\/\/platformgumrukleme.com.tr\/index.php\/wp-json\/wp\/v2\/users\/1"}],"replies":[{"embeddable":true,"href":"https:\/\/platformgumrukleme.com.tr\/index.php\/wp-json\/wp\/v2\/comments?post=1016"}],"version-history":[{"count":10,"href":"https:\/\/platformgumrukleme.com.tr\/index.php\/wp-json\/wp\/v2\/pages\/1016\/revisions"}],"predecessor-version":[{"id":1252,"href":"https:\/\/platformgumrukleme.com.tr\/index.php\/wp-json\/wp\/v2\/pages\/1016\/revisions\/1252"}],"wp:attachment":[{"href":"https:\/\/platformgumrukleme.com.tr\/index.php\/wp-json\/wp\/v2\/media?parent=1016"}],"curies":[{"name":"wp","href":"https:\/\/api.w.org\/{rel}","templated":true}]}}